{"id":214,"date":"2020-04-13T11:18:52","date_gmt":"2020-04-13T11:18:52","guid":{"rendered":"http:\/\/drone.brice-sinhlivong.fr\/index.php\/about\/"},"modified":"2023-02-06T23:34:54","modified_gmt":"2023-02-06T22:34:54","slug":"about","status":"publish","type":"page","link":"https:\/\/drone.brice-sinhlivong.fr\/index.php\/about\/","title":{"rendered":"A Propos"},"content":{"rendered":"\t\t<div data-elementor-type=\"wp-page\" data-elementor-id=\"214\" class=\"elementor elementor-214\">\n\t\t\t\t\t\t\t\t\t<section class=\"elementor-section elementor-top-section elementor-element elementor-element-5131a13e elementor-section-boxed elementor-section-height-default elementor-section-height-default\" data-id=\"5131a13e\" data-element_type=\"section\" data-settings=\"{&quot;background_background&quot;:&quot;classic&quot;}\">\n\t\t\t\t\t\t\t<div class=\"elementor-background-overlay\"><\/div>\n\t\t\t\t\t\t\t<div class=\"elementor-container elementor-column-gap-default\">\n\t\t\t\t\t<div class=\"elementor-column elementor-col-100 elementor-top-column elementor-element elementor-element-1053ca7a\" data-id=\"1053ca7a\" data-element_type=\"column\">\n\t\t\t<div class=\"elementor-widget-wrap elementor-element-populated\">\n\t\t\t\t\t\t\t\t<div class=\"elementor-element elementor-element-3d99e122 elementor-widget elementor-widget-heading\" data-id=\"3d99e122\" data-element_type=\"widget\" data-widget_type=\"heading.default\">\n\t\t\t\t<div class=\"elementor-widget-container\">\n\t\t\t<style>\/*! elementor - v3.16.0 - 20-09-2023 *\/\n.elementor-heading-title{padding:0;margin:0;line-height:1}.elementor-widget-heading .elementor-heading-title[class*=elementor-size-]>a{color:inherit;font-size:inherit;line-height:inherit}.elementor-widget-heading .elementor-heading-title.elementor-size-small{font-size:15px}.elementor-widget-heading .elementor-heading-title.elementor-size-medium{font-size:19px}.elementor-widget-heading .elementor-heading-title.elementor-size-large{font-size:29px}.elementor-widget-heading .elementor-heading-title.elementor-size-xl{font-size:39px}.elementor-widget-heading .elementor-heading-title.elementor-size-xxl{font-size:59px}<\/style><h1 class=\"elementor-heading-title elementor-size-default\">A propos<\/h1>\t\t<\/div>\n\t\t\t\t<\/div>\n\t\t\t\t\t<\/div>\n\t\t<\/div>\n\t\t\t\t\t\t\t<\/div>\n\t\t<\/section>\n\t\t\t\t<section class=\"elementor-section elementor-top-section elementor-element elementor-element-9010877 elementor-section-boxed elementor-section-height-default elementor-section-height-default\" data-id=\"9010877\" data-element_type=\"section\">\n\t\t\t\t\t\t<div class=\"elementor-container elementor-column-gap-default\">\n\t\t\t\t\t<div class=\"elementor-column elementor-col-100 elementor-top-column elementor-element elementor-element-242d624\" data-id=\"242d624\" data-element_type=\"column\">\n\t\t\t<div class=\"elementor-widget-wrap elementor-element-populated\">\n\t\t\t\t\t\t\t\t<div class=\"elementor-element elementor-element-4e10cc0 elementor-widget elementor-widget-spacer\" data-id=\"4e10cc0\" data-element_type=\"widget\" data-widget_type=\"spacer.default\">\n\t\t\t\t<div class=\"elementor-widget-container\">\n\t\t\t<style>\/*! elementor - v3.16.0 - 20-09-2023 *\/\n.elementor-column .elementor-spacer-inner{height:var(--spacer-size)}.e-con{--container-widget-width:100%}.e-con-inner>.elementor-widget-spacer,.e-con>.elementor-widget-spacer{width:var(--container-widget-width,var(--spacer-size));--align-self:var(--container-widget-align-self,initial);--flex-shrink:0}.e-con-inner>.elementor-widget-spacer>.elementor-widget-container,.e-con>.elementor-widget-spacer>.elementor-widget-container{height:100%;width:100%}.e-con-inner>.elementor-widget-spacer>.elementor-widget-container>.elementor-spacer,.e-con>.elementor-widget-spacer>.elementor-widget-container>.elementor-spacer{height:100%}.e-con-inner>.elementor-widget-spacer>.elementor-widget-container>.elementor-spacer>.elementor-spacer-inner,.e-con>.elementor-widget-spacer>.elementor-widget-container>.elementor-spacer>.elementor-spacer-inner{height:var(--container-widget-height,var(--spacer-size))}.e-con-inner>.elementor-widget-spacer.elementor-widget-empty,.e-con>.elementor-widget-spacer.elementor-widget-empty{position:relative;min-height:22px;min-width:22px}.e-con-inner>.elementor-widget-spacer.elementor-widget-empty .elementor-widget-empty-icon,.e-con>.elementor-widget-spacer.elementor-widget-empty .elementor-widget-empty-icon{position:absolute;top:0;bottom:0;left:0;right:0;margin:auto;padding:0;width:22px;height:22px}<\/style>\t\t<div class=\"elementor-spacer\">\n\t\t\t<div class=\"elementor-spacer-inner\"><\/div>\n\t\t<\/div>\n\t\t\t\t<\/div>\n\t\t\t\t<\/div>\n\t\t\t\t\t<\/div>\n\t\t<\/div>\n\t\t\t\t\t\t\t<\/div>\n\t\t<\/section>\n\t\t\t\t<section class=\"elementor-section elementor-top-section elementor-element elementor-element-301809a elementor-section-boxed elementor-section-height-default elementor-section-height-default\" data-id=\"301809a\" data-element_type=\"section\">\n\t\t\t\t\t\t<div class=\"elementor-container elementor-column-gap-default\">\n\t\t\t\t\t<div class=\"elementor-column elementor-col-100 elementor-top-column elementor-element elementor-element-d2bf674\" data-id=\"d2bf674\" data-element_type=\"column\">\n\t\t\t<div class=\"elementor-widget-wrap elementor-element-populated\">\n\t\t\t\t\t\t\t\t<section class=\"elementor-section elementor-inner-section elementor-element elementor-element-63cffdc elementor-section-boxed elementor-section-height-default elementor-section-height-default\" data-id=\"63cffdc\" data-element_type=\"section\">\n\t\t\t\t\t\t<div class=\"elementor-container elementor-column-gap-default\">\n\t\t\t\t\t<div class=\"elementor-column elementor-col-50 elementor-inner-column elementor-element elementor-element-0c5b2bc\" data-id=\"0c5b2bc\" data-element_type=\"column\">\n\t\t\t<div class=\"elementor-widget-wrap elementor-element-populated\">\n\t\t\t\t\t\t\t\t<div class=\"elementor-element elementor-element-c15eec3 elementor-widget elementor-widget-image\" data-id=\"c15eec3\" data-element_type=\"widget\" data-widget_type=\"image.default\">\n\t\t\t\t<div class=\"elementor-widget-container\">\n\t\t\t<style>\/*! elementor - v3.16.0 - 20-09-2023 *\/\n.elementor-widget-image{text-align:center}.elementor-widget-image a{display:inline-block}.elementor-widget-image a img[src$=\".svg\"]{width:48px}.elementor-widget-image img{vertical-align:middle;display:inline-block}<\/style>\t\t\t\t\t\t\t\t\t\t\t\t<img loading=\"lazy\" decoding=\"async\" width=\"2048\" height=\"1365\" src=\"https:\/\/drone.brice-sinhlivong.fr\/wp-content\/uploads\/2023\/02\/CAMA5692.jpg\" class=\"attachment-full size-full wp-image-498\" alt=\"\" srcset=\"https:\/\/drone.brice-sinhlivong.fr\/wp-content\/uploads\/2023\/02\/CAMA5692.jpg 2048w, https:\/\/drone.brice-sinhlivong.fr\/wp-content\/uploads\/2023\/02\/CAMA5692-300x200.jpg 300w, https:\/\/drone.brice-sinhlivong.fr\/wp-content\/uploads\/2023\/02\/CAMA5692-1024x683.jpg 1024w, https:\/\/drone.brice-sinhlivong.fr\/wp-content\/uploads\/2023\/02\/CAMA5692-768x512.jpg 768w, https:\/\/drone.brice-sinhlivong.fr\/wp-content\/uploads\/2023\/02\/CAMA5692-1536x1024.jpg 1536w\" sizes=\"auto, (max-width: 2048px) 100vw, 2048px\" \/>\t\t\t\t\t\t\t\t\t\t\t\t\t\t\t<\/div>\n\t\t\t\t<\/div>\n\t\t\t\t<div class=\"elementor-element elementor-element-4610408 elementor-widget elementor-widget-text-editor\" data-id=\"4610408\" data-element_type=\"widget\" data-widget_type=\"text-editor.default\">\n\t\t\t\t<div class=\"elementor-widget-container\">\n\t\t\t<style>\/*! elementor - v3.16.0 - 20-09-2023 *\/\n.elementor-widget-text-editor.elementor-drop-cap-view-stacked .elementor-drop-cap{background-color:#69727d;color:#fff}.elementor-widget-text-editor.elementor-drop-cap-view-framed .elementor-drop-cap{color:#69727d;border:3px solid;background-color:transparent}.elementor-widget-text-editor:not(.elementor-drop-cap-view-default) .elementor-drop-cap{margin-top:8px}.elementor-widget-text-editor:not(.elementor-drop-cap-view-default) .elementor-drop-cap-letter{width:1em;height:1em}.elementor-widget-text-editor .elementor-drop-cap{float:left;text-align:center;line-height:1;font-size:50px}.elementor-widget-text-editor .elementor-drop-cap-letter{display:inline-block}<\/style>\t\t\t\t<p>Entreprise cr\u00e9\u00e9e en 2010<\/p>\t\t\t\t\t\t<\/div>\n\t\t\t\t<\/div>\n\t\t\t\t<div class=\"elementor-element elementor-element-6200691 elementor-widget elementor-widget-text-editor\" data-id=\"6200691\" data-element_type=\"widget\" data-widget_type=\"text-editor.default\">\n\t\t\t\t<div class=\"elementor-widget-container\">\n\t\t\t\t\t\t\t<p>SIRET: 524 283 694 0015<br \/>APE: 7420Z<\/p>\t\t\t\t\t\t<\/div>\n\t\t\t\t<\/div>\n\t\t\t\t\t<\/div>\n\t\t<\/div>\n\t\t\t\t<div class=\"elementor-column elementor-col-50 elementor-inner-column elementor-element elementor-element-7e63b34\" data-id=\"7e63b34\" data-element_type=\"column\">\n\t\t\t<div class=\"elementor-widget-wrap elementor-element-populated\">\n\t\t\t\t\t\t\t\t<div class=\"elementor-element elementor-element-aaf6be2 elementor-widget elementor-widget-text-editor\" data-id=\"aaf6be2\" data-element_type=\"widget\" data-widget_type=\"text-editor.default\">\n\t\t\t\t<div class=\"elementor-widget-container\">\n\t\t\t\t\t\t\t<p style=\"font-weight: 400;\">Je suis un t\u00e9l\u00e9pilote de drone exp\u00e9riment\u00e9, responsable de piloter des drones pour diverses activit\u00e9s, telles que la photographie a\u00e9rienne, l&rsquo;inspection industrielle, la cartographie, la surveillance, etc.<\/p><p style=\"font-weight: 400;\">Avec une solide connaissance des r\u00e8gles de s\u00e9curit\u00e9 a\u00e9rienne et des normes techniques, je suis en mesure de mener \u00e0 bien des missions complexes en toute s\u00e9curit\u00e9.<\/p><p style=\"font-weight: 400;\">J&rsquo;ai \u00e9galement des comp\u00e9tences en navigation, en communication et en maintenance des drones, ce qui me permet de travailler en \u00e9quipe et de prendre des d\u00e9cisions rapides en cas d&rsquo;urgence.<\/p><p style=\"font-weight: 400;\">Je suis passionn\u00e9 par mon travail et je suis toujours \u00e0 la recherche de nouveaux d\u00e9fis pour d\u00e9velopper mes comp\u00e9tences en tant que t\u00e9l\u00e9pilote de drone.<\/p><p style=\"font-weight: 400;\"><strong>Brice SINHLI VONG<\/strong><\/p>\t\t\t\t\t\t<\/div>\n\t\t\t\t<\/div>\n\t\t\t\t\t<\/div>\n\t\t<\/div>\n\t\t\t\t\t\t\t<\/div>\n\t\t<\/section>\n\t\t\t\t\t<\/div>\n\t\t<\/div>\n\t\t\t\t\t\t\t<\/div>\n\t\t<\/section>\n\t\t\t\t<section class=\"elementor-section elementor-top-section elementor-element elementor-element-4a41b78 elementor-section-boxed elementor-section-height-default elementor-section-height-default\" data-id=\"4a41b78\" data-element_type=\"section\">\n\t\t\t\t\t\t<div class=\"elementor-container elementor-column-gap-default\">\n\t\t\t\t\t<div class=\"elementor-column elementor-col-100 elementor-top-column elementor-element elementor-element-92ed143\" data-id=\"92ed143\" data-element_type=\"column\">\n\t\t\t<div class=\"elementor-widget-wrap elementor-element-populated\">\n\t\t\t\t\t\t\t\t<div class=\"elementor-element elementor-element-6e93d2f elementor-widget elementor-widget-spacer\" data-id=\"6e93d2f\" data-element_type=\"widget\" data-widget_type=\"spacer.default\">\n\t\t\t\t<div class=\"elementor-widget-container\">\n\t\t\t\t\t<div class=\"elementor-spacer\">\n\t\t\t<div class=\"elementor-spacer-inner\"><\/div>\n\t\t<\/div>\n\t\t\t\t<\/div>\n\t\t\t\t<\/div>\n\t\t\t\t\t<\/div>\n\t\t<\/div>\n\t\t\t\t\t\t\t<\/div>\n\t\t<\/section>\n\t\t\t\t<section class=\"elementor-section elementor-top-section elementor-element elementor-element-e116221 elementor-section-full_width elementor-section-height-default elementor-section-height-default\" data-id=\"e116221\" data-element_type=\"section\">\n\t\t\t\t\t\t<div class=\"elementor-container elementor-column-gap-default\">\n\t\t\t\t\t<div class=\"elementor-column elementor-col-100 elementor-top-column elementor-element elementor-element-7aeba2e\" data-id=\"7aeba2e\" data-element_type=\"column\">\n\t\t\t<div class=\"elementor-widget-wrap elementor-element-populated\">\n\t\t\t\t\t\t\t\t<div class=\"elementor-element elementor-element-e320325 elementor-widget elementor-widget-google_maps\" data-id=\"e320325\" data-element_type=\"widget\" data-widget_type=\"google_maps.default\">\n\t\t\t\t<div class=\"elementor-widget-container\">\n\t\t\t<style>\/*! elementor - v3.16.0 - 20-09-2023 *\/\n.elementor-widget-google_maps .elementor-widget-container{overflow:hidden}.elementor-widget-google_maps .elementor-custom-embed{line-height:0}.elementor-widget-google_maps iframe{height:300px}<\/style>\t\t<div class=\"elementor-custom-embed\">\n\t\t\t<iframe loading=\"lazy\"\n\t\t\t\t\tsrc=\"https:\/\/maps.google.com\/maps?q=Fontenilles&#038;t=m&#038;z=12&#038;output=embed&#038;iwloc=near\"\n\t\t\t\t\ttitle=\"Fontenilles\"\n\t\t\t\t\taria-label=\"Fontenilles\"\n\t\t\t><\/iframe>\n\t\t<\/div>\n\t\t\t\t<\/div>\n\t\t\t\t<\/div>\n\t\t\t\t\t<\/div>\n\t\t<\/div>\n\t\t\t\t\t\t\t<\/div>\n\t\t<\/section>\n\t\t\t\t<section class=\"elementor-section elementor-top-section elementor-element elementor-element-0b59127 elementor-section-boxed elementor-section-height-default elementor-section-height-default\" data-id=\"0b59127\" data-element_type=\"section\">\n\t\t\t\t\t\t<div class=\"elementor-container elementor-column-gap-default\">\n\t\t\t\t\t<div class=\"elementor-column elementor-col-100 elementor-top-column elementor-element elementor-element-5b6a4f1\" data-id=\"5b6a4f1\" data-element_type=\"column\">\n\t\t\t<div class=\"elementor-widget-wrap\">\n\t\t\t\t\t\t\t\t\t<\/div>\n\t\t<\/div>\n\t\t\t\t\t\t\t<\/div>\n\t\t<\/section>\n\t\t\t\t<section class=\"elementor-section elementor-top-section elementor-element elementor-element-fde0a13 elementor-section-boxed elementor-section-height-default elementor-section-height-default\" data-id=\"fde0a13\" data-element_type=\"section\">\n\t\t\t\t\t\t<div class=\"elementor-container elementor-column-gap-default\">\n\t\t\t\t\t<div class=\"elementor-column elementor-col-100 elementor-top-column elementor-element elementor-element-8cda364\" data-id=\"8cda364\" data-element_type=\"column\">\n\t\t\t<div class=\"elementor-widget-wrap elementor-element-populated\">\n\t\t\t\t\t\t\t\t<div class=\"elementor-element elementor-element-5ca7c6e elementor-widget elementor-widget-spacer\" data-id=\"5ca7c6e\" data-element_type=\"widget\" data-widget_type=\"spacer.default\">\n\t\t\t\t<div class=\"elementor-widget-container\">\n\t\t\t\t\t<div class=\"elementor-spacer\">\n\t\t\t<div class=\"elementor-spacer-inner\"><\/div>\n\t\t<\/div>\n\t\t\t\t<\/div>\n\t\t\t\t<\/div>\n\t\t\t\t\t<\/div>\n\t\t<\/div>\n\t\t\t\t\t\t\t<\/div>\n\t\t<\/section>\n\t\t\t\t\t\t\t<\/div>\n\t\t","protected":false},"excerpt":{"rendered":"<p>A propos Entreprise cr\u00e9\u00e9e en 2010 SIRET: 524 283 694 0015APE: 7420Z Je suis un t\u00e9l\u00e9pilote de drone exp\u00e9riment\u00e9, responsable de piloter des drones pour diverses activit\u00e9s, telles que la photographie a\u00e9rienne, l&rsquo;inspection industrielle, la cartographie, la surveillance, etc. Avec une solide connaissance des r\u00e8gles de s\u00e9curit\u00e9 a\u00e9rienne et des normes techniques, je suis en &hellip;<\/p>\n<p class=\"read-more\"> <a class=\"\" href=\"https:\/\/drone.brice-sinhlivong.fr\/index.php\/about\/\"> <span class=\"screen-reader-text\">A Propos<\/span> Lire la suite\u00a0\u00bb<\/a><\/p>\n","protected":false},"author":1,"featured_media":0,"parent":0,"menu_order":0,"comment_status":"closed","ping_status":"closed","template":"","meta":{"site-sidebar-layout":"no-sidebar","site-content-layout":"page-builder","ast-site-content-layout":"","site-content-style":"default","site-sidebar-style":"default","ast-global-header-display":"","ast-banner-title-visibility":"","ast-main-header-display":"","ast-hfb-above-header-display":"","ast-hfb-below-header-display":"","ast-hfb-mobile-header-display":"","site-post-title":"disabled","ast-breadcrumbs-content":"","ast-featured-img":"","footer-sml-layout":"","theme-transparent-header-meta":"enabled","adv-header-id-meta":"","stick-header-meta":"","header-above-stick-meta":"","header-main-stick-meta":"","header-below-stick-meta":"","astra-migrate-meta-layouts":"","footnotes":""},"class_list":["post-214","page","type-page","status-publish","hentry"],"yoast_head":"<!-- This site is optimized with the Yoast SEO plugin v21.3 - https:\/\/yoast.com\/wordpress\/plugins\/seo\/ -->\n<title>A Propos - drone.brice-sinhlivong.fr<\/title>\n<meta name=\"robots\" content=\"index, follow, max-snippet:-1, max-image-preview:large, max-video-preview:-1\" \/>\n<link rel=\"canonical\" href=\"https:\/\/drone.brice-sinhlivong.fr\/index.php\/about\/\" \/>\n<meta property=\"og:locale\" content=\"fr_FR\" \/>\n<meta property=\"og:type\" content=\"article\" \/>\n<meta property=\"og:title\" content=\"A Propos - drone.brice-sinhlivong.fr\" \/>\n<meta property=\"og:description\" content=\"A propos Entreprise cr\u00e9\u00e9e en 2010 SIRET: 524 283 694 0015APE: 7420Z Je suis un t\u00e9l\u00e9pilote de drone exp\u00e9riment\u00e9, responsable de piloter des drones pour diverses activit\u00e9s, telles que la photographie a\u00e9rienne, l&rsquo;inspection industrielle, la cartographie, la surveillance, etc. Avec une solide connaissance des r\u00e8gles de s\u00e9curit\u00e9 a\u00e9rienne et des normes techniques, je suis en &hellip; A Propos Lire la suite\u00a0\u00bb\" \/>\n<meta property=\"og:url\" content=\"https:\/\/drone.brice-sinhlivong.fr\/index.php\/about\/\" \/>\n<meta property=\"og:site_name\" content=\"drone.brice-sinhlivong.fr\" \/>\n<meta property=\"article:modified_time\" content=\"2023-02-06T22:34:54+00:00\" \/>\n<meta property=\"og:image\" content=\"http:\/\/drone.brice-sinhlivong.fr\/wp-content\/uploads\/2023\/02\/CAMA5692.jpg\" \/>\n<meta name=\"twitter:card\" content=\"summary_large_image\" \/>\n<meta name=\"twitter:label1\" content=\"Dur\u00e9e de lecture estim\u00e9e\" \/>\n\t<meta name=\"twitter:data1\" content=\"1 minute\" \/>\n<script type=\"application\/ld+json\" class=\"yoast-schema-graph\">{\"@context\":\"https:\/\/schema.org\",\"@graph\":[{\"@type\":\"WebPage\",\"@id\":\"https:\/\/drone.brice-sinhlivong.fr\/index.php\/about\/\",\"url\":\"https:\/\/drone.brice-sinhlivong.fr\/index.php\/about\/\",\"name\":\"A Propos - drone.brice-sinhlivong.fr\",\"isPartOf\":{\"@id\":\"http:\/\/drone.brice-sinhlivong.fr\/#website\"},\"datePublished\":\"2020-04-13T11:18:52+00:00\",\"dateModified\":\"2023-02-06T22:34:54+00:00\",\"breadcrumb\":{\"@id\":\"https:\/\/drone.brice-sinhlivong.fr\/index.php\/about\/#breadcrumb\"},\"inLanguage\":\"fr-FR\",\"potentialAction\":[{\"@type\":\"ReadAction\",\"target\":[\"https:\/\/drone.brice-sinhlivong.fr\/index.php\/about\/\"]}]},{\"@type\":\"BreadcrumbList\",\"@id\":\"https:\/\/drone.brice-sinhlivong.fr\/index.php\/about\/#breadcrumb\",\"itemListElement\":[{\"@type\":\"ListItem\",\"position\":1,\"name\":\"Accueil\",\"item\":\"http:\/\/drone.brice-sinhlivong.fr\/\"},{\"@type\":\"ListItem\",\"position\":2,\"name\":\"A Propos\"}]},{\"@type\":\"WebSite\",\"@id\":\"http:\/\/drone.brice-sinhlivong.fr\/#website\",\"url\":\"http:\/\/drone.brice-sinhlivong.fr\/\",\"name\":\"drone.brice-sinhlivong.fr\",\"description\":\"Un site utilisant WordPress\",\"publisher\":{\"@id\":\"http:\/\/drone.brice-sinhlivong.fr\/#\/schema\/person\/368a706c84a0f49fd8578d24a4a2f186\"},\"potentialAction\":[{\"@type\":\"SearchAction\",\"target\":{\"@type\":\"EntryPoint\",\"urlTemplate\":\"http:\/\/drone.brice-sinhlivong.fr\/?s={search_term_string}\"},\"query-input\":\"required name=search_term_string\"}],\"inLanguage\":\"fr-FR\"},{\"@type\":[\"Person\",\"Organization\"],\"@id\":\"http:\/\/drone.brice-sinhlivong.fr\/#\/schema\/person\/368a706c84a0f49fd8578d24a4a2f186\",\"name\":\"Drone\",\"image\":{\"@type\":\"ImageObject\",\"inLanguage\":\"fr-FR\",\"@id\":\"http:\/\/drone.brice-sinhlivong.fr\/#\/schema\/person\/image\/\",\"url\":\"https:\/\/drone.brice-sinhlivong.fr\/wp-content\/uploads\/2023\/01\/logo-mavic.png\",\"contentUrl\":\"https:\/\/drone.brice-sinhlivong.fr\/wp-content\/uploads\/2023\/01\/logo-mavic.png\",\"width\":2766,\"height\":1844,\"caption\":\"Drone\"},\"logo\":{\"@id\":\"http:\/\/drone.brice-sinhlivong.fr\/#\/schema\/person\/image\/\"},\"sameAs\":[\"http:\/\/drone.brice-sinhlivong.fr\"]}]}<\/script>\n<!-- \/ Yoast SEO plugin. -->","yoast_head_json":{"title":"A Propos - drone.brice-sinhlivong.fr","robots":{"index":"index","follow":"follow","max-snippet":"max-snippet:-1","max-image-preview":"max-image-preview:large","max-video-preview":"max-video-preview:-1"},"canonical":"https:\/\/drone.brice-sinhlivong.fr\/index.php\/about\/","og_locale":"fr_FR","og_type":"article","og_title":"A Propos - drone.brice-sinhlivong.fr","og_description":"A propos Entreprise cr\u00e9\u00e9e en 2010 SIRET: 524 283 694 0015APE: 7420Z Je suis un t\u00e9l\u00e9pilote de drone exp\u00e9riment\u00e9, responsable de piloter des drones pour diverses activit\u00e9s, telles que la photographie a\u00e9rienne, l&rsquo;inspection industrielle, la cartographie, la surveillance, etc. Avec une solide connaissance des r\u00e8gles de s\u00e9curit\u00e9 a\u00e9rienne et des normes techniques, je suis en &hellip; A Propos Lire la suite\u00a0\u00bb","og_url":"https:\/\/drone.brice-sinhlivong.fr\/index.php\/about\/","og_site_name":"drone.brice-sinhlivong.fr","article_modified_time":"2023-02-06T22:34:54+00:00","og_image":[{"url":"http:\/\/drone.brice-sinhlivong.fr\/wp-content\/uploads\/2023\/02\/CAMA5692.jpg"}],"twitter_card":"summary_large_image","twitter_misc":{"Dur\u00e9e de lecture estim\u00e9e":"1 minute"},"schema":{"@context":"https:\/\/schema.org","@graph":[{"@type":"WebPage","@id":"https:\/\/drone.brice-sinhlivong.fr\/index.php\/about\/","url":"https:\/\/drone.brice-sinhlivong.fr\/index.php\/about\/","name":"A Propos - drone.brice-sinhlivong.fr","isPartOf":{"@id":"http:\/\/drone.brice-sinhlivong.fr\/#website"},"datePublished":"2020-04-13T11:18:52+00:00","dateModified":"2023-02-06T22:34:54+00:00","breadcrumb":{"@id":"https:\/\/drone.brice-sinhlivong.fr\/index.php\/about\/#breadcrumb"},"inLanguage":"fr-FR","potentialAction":[{"@type":"ReadAction","target":["https:\/\/drone.brice-sinhlivong.fr\/index.php\/about\/"]}]},{"@type":"BreadcrumbList","@id":"https:\/\/drone.brice-sinhlivong.fr\/index.php\/about\/#breadcrumb","itemListElement":[{"@type":"ListItem","position":1,"name":"Accueil","item":"http:\/\/drone.brice-sinhlivong.fr\/"},{"@type":"ListItem","position":2,"name":"A Propos"}]},{"@type":"WebSite","@id":"http:\/\/drone.brice-sinhlivong.fr\/#website","url":"http:\/\/drone.brice-sinhlivong.fr\/","name":"drone.brice-sinhlivong.fr","description":"Un site utilisant WordPress","publisher":{"@id":"http:\/\/drone.brice-sinhlivong.fr\/#\/schema\/person\/368a706c84a0f49fd8578d24a4a2f186"},"potentialAction":[{"@type":"SearchAction","target":{"@type":"EntryPoint","urlTemplate":"http:\/\/drone.brice-sinhlivong.fr\/?s={search_term_string}"},"query-input":"required name=search_term_string"}],"inLanguage":"fr-FR"},{"@type":["Person","Organization"],"@id":"http:\/\/drone.brice-sinhlivong.fr\/#\/schema\/person\/368a706c84a0f49fd8578d24a4a2f186","name":"Drone","image":{"@type":"ImageObject","inLanguage":"fr-FR","@id":"http:\/\/drone.brice-sinhlivong.fr\/#\/schema\/person\/image\/","url":"https:\/\/drone.brice-sinhlivong.fr\/wp-content\/uploads\/2023\/01\/logo-mavic.png","contentUrl":"https:\/\/drone.brice-sinhlivong.fr\/wp-content\/uploads\/2023\/01\/logo-mavic.png","width":2766,"height":1844,"caption":"Drone"},"logo":{"@id":"http:\/\/drone.brice-sinhlivong.fr\/#\/schema\/person\/image\/"},"sameAs":["http:\/\/drone.brice-sinhlivong.fr"]}]}},"_links":{"self":[{"href":"https:\/\/drone.brice-sinhlivong.fr\/index.php\/wp-json\/wp\/v2\/pages\/214","targetHints":{"allow":["GET"]}}],"collection":[{"href":"https:\/\/drone.brice-sinhlivong.fr\/index.php\/wp-json\/wp\/v2\/pages"}],"about":[{"href":"https:\/\/drone.brice-sinhlivong.fr\/index.php\/wp-json\/wp\/v2\/types\/page"}],"author":[{"embeddable":true,"href":"https:\/\/drone.brice-sinhlivong.fr\/index.php\/wp-json\/wp\/v2\/users\/1"}],"replies":[{"embeddable":true,"href":"https:\/\/drone.brice-sinhlivong.fr\/index.php\/wp-json\/wp\/v2\/comments?post=214"}],"version-history":[{"count":41,"href":"https:\/\/drone.brice-sinhlivong.fr\/index.php\/wp-json\/wp\/v2\/pages\/214\/revisions"}],"predecessor-version":[{"id":512,"href":"https:\/\/drone.brice-sinhlivong.fr\/index.php\/wp-json\/wp\/v2\/pages\/214\/revisions\/512"}],"wp:attachment":[{"href":"https:\/\/drone.brice-sinhlivong.fr\/index.php\/wp-json\/wp\/v2\/media?parent=214"}],"curies":[{"name":"wp","href":"https:\/\/api.w.org\/{rel}","templated":true}]}}